{"id":114,"date":"2021-11-30T15:58:34","date_gmt":"2021-11-30T15:58:34","guid":{"rendered":"https:\/\/startersites.io\/blocksy\/petsy\/?post_type=product&#038;p=114"},"modified":"2025-05-31T19:48:50","modified_gmt":"2025-05-31T19:48:50","slug":"cama-peludin","status":"publish","type":"product","link":"https:\/\/maria.masterendaw.es\/?product=cama-peludin","title":{"rendered":"Cama Pelud\u00edn"},"content":{"rendered":"<p data-start=\"0\" data-end=\"322\">La Cama Pelud\u00edn, de dise\u00f1o acogedor y tama\u00f1o pr\u00e1ctico, se adapta a cualquier rinc\u00f3n del hogar, proporcionando un espacio de descanso \u00f3ptimo para perros o gatos. Con un acolchado mullido, permite que tu mascota repose c\u00f3modamente, manteniendo su postura natural y reduciendo la presi\u00f3n en articulaciones.<\/p>\n<p data-start=\"324\" data-end=\"358\"><strong data-start=\"324\" data-end=\"356\">Caracter\u00edsticas principales:<\/strong><\/p>\n<ul data-start=\"359\" data-end=\"562\">\n<li data-start=\"359\" data-end=\"415\">\n<p data-start=\"361\" data-end=\"415\">Estructura de espuma viscoel\u00e1stica de 5 cm de grosor<\/p>\n<\/li>\n<li data-start=\"416\" data-end=\"476\">\n<p data-start=\"418\" data-end=\"476\">Funda exterior de microfibra resistente y suave al tacto<\/p>\n<\/li>\n<li data-start=\"477\" data-end=\"523\">\n<p data-start=\"479\" data-end=\"523\">Base antideslizante para mayor estabilidad<\/p>\n<\/li>\n<li data-start=\"524\" data-end=\"562\">\n<p data-start=\"526\" data-end=\"562\">Tama\u00f1o aproximado: 60 \u00d7 45 \u00d7 10 cm<\/p>\n<\/li>\n<\/ul>\n<p data-start=\"564\" data-end=\"579\"><strong data-start=\"564\" data-end=\"577\">Ventajas:<\/strong><\/p>\n<ul data-start=\"580\" data-end=\"802\">\n<li data-start=\"580\" data-end=\"632\">\n<p data-start=\"582\" data-end=\"632\">Se amolda al cuerpo, aliviando puntos de presi\u00f3n<\/p>\n<\/li>\n<li data-start=\"633\" data-end=\"695\">\n<p data-start=\"635\" data-end=\"695\">Hipoalerg\u00e9nica y transpirable, ideal para pieles sensibles<\/p>\n<\/li>\n<li data-start=\"696\" data-end=\"735\">\n<p data-start=\"698\" data-end=\"735\">Funda extra\u00edble y lavable a m\u00e1quina<\/p>\n<\/li>\n<li data-start=\"736\" data-end=\"802\">\n<p data-start=\"738\" data-end=\"802\">Base antideslizante evita desplazamientos en superficies lisas<\/p>\n<\/li>\n<\/ul>\n<p data-start=\"804\" data-end=\"825\"><strong data-start=\"804\" data-end=\"823\">Modo de empleo:<\/strong><\/p>\n<ol data-start=\"826\" data-end=\"1031\">\n<li data-start=\"826\" data-end=\"886\">\n<p data-start=\"829\" data-end=\"886\">Coloca la cama en una zona libre de corrientes de aire.<\/p>\n<\/li>\n<li data-start=\"887\" data-end=\"937\">\n<p data-start=\"890\" data-end=\"937\">Anima a tu mascota a explorarla y acomodarse.<\/p>\n<\/li>\n<li data-start=\"938\" data-end=\"1031\">\n<p data-start=\"941\" data-end=\"1031\">Lava la funda desmontable en ciclo suave cada 2\u20133 semanas para mantenerla limpia y fresca.<\/p>\n<\/li>\n<\/ol>\n","protected":false},"excerpt":{"rendered":"<p>La Cama Pelud\u00edn, de dise\u00f1o acogedor y tama\u00f1o pr\u00e1ctico, se adapta a cualquier rinc\u00f3n del hogar, proporcionando un espacio de descanso \u00f3ptimo para perros o gatos. Con un acolchado mullido, permite que tu mascota repose c\u00f3modamente, manteniendo su postura natural y reduciendo la presi\u00f3n en articulaciones. Caracter\u00edsticas principales: Estructura de espuma viscoel\u00e1stica de 5 cm [&hellip;]<\/p>\n","protected":false},"featured_media":115,"comment_status":"open","ping_status":"closed","template":"","meta":[],"product_brand":[],"product_cat":[18],"product_tag":[],"class_list":{"0":"post-114","1":"product","2":"type-product","3":"status-publish","4":"has-post-thumbnail","6":"product_cat-camas","8":"first","9":"instock","10":"shipping-taxable","11":"purchasable","12":"product-type-simple"},"_links":{"self":[{"href":"https:\/\/maria.masterendaw.es\/index.php?rest_route=\/wp\/v2\/product\/114","targetHints":{"allow":["GET"]}}],"collection":[{"href":"https:\/\/maria.masterendaw.es\/index.php?rest_route=\/wp\/v2\/product"}],"about":[{"href":"https:\/\/maria.masterendaw.es\/index.php?rest_route=\/wp\/v2\/types\/product"}],"replies":[{"embeddable":true,"href":"https:\/\/maria.masterendaw.es\/index.php?rest_route=%2Fwp%2Fv2%2Fcomments&post=114"}],"wp:featuredmedia":[{"embeddable":true,"href":"https:\/\/maria.masterendaw.es\/index.php?rest_route=\/wp\/v2\/media\/115"}],"wp:attachment":[{"href":"https:\/\/maria.masterendaw.es\/index.php?rest_route=%2Fwp%2Fv2%2Fmedia&parent=114"}],"wp:term":[{"taxonomy":"product_brand","embeddable":true,"href":"https:\/\/maria.masterendaw.es\/index.php?rest_route=%2Fwp%2Fv2%2Fproduct_brand&post=114"},{"taxonomy":"product_cat","embeddable":true,"href":"https:\/\/maria.masterendaw.es\/index.php?rest_route=%2Fwp%2Fv2%2Fproduct_cat&post=114"},{"taxonomy":"product_tag","embeddable":true,"href":"https:\/\/maria.masterendaw.es\/index.php?rest_route=%2Fwp%2Fv2%2Fproduct_tag&post=114"}],"curies":[{"name":"wp","href":"https:\/\/api.w.org\/{rel}","templated":true}]}}